rime number?
True
Is 3285059 composite?
True
Is 144621893 composite?
True
Is 12578161 prime?
True
Is 2395663 composite?
True
Is 397427 a prime number?
True
Is 3270457 composite?
False
Is 15671289 composite?
True
Is 5725397 composite?
True
Is 13922021 a composite number?
True
Is 9009701 a composite number?
True
Is 190551607 a prime number?
True
Is 4995779 composite?
False
Is 88361353 a prime number?
False
Is 7359329 composite?
True
Is 11337221 a prime number?
False
Is 25345387 composite?
True
Is 1828511 a composite number?
True
Is 14748103 composite?
False
Is 395429 composite?
False
Is 2255657 a composite number?
False
Is 1534019 prime?
True
Is 18284573 a prime number?
False
Is 146017987 a composite number?
True
Is 168887 a composite number?
False
Is 530762 a prime number?
False
Is 6554063 a composite number?
True
Is 1555019 a prime number?
False
Is 305016007 composite?
True
Is 893971 composite?
True
Is 52603357 a prime number?
False
Is 713998019 a composite number?
True
Is 747199 a prime number?
True
Is 21877279 a prime number?
True
Is 244341313 composite?
False
Is 15545459 a composite number?
False
Is 2390389 a prime number?
True
Is 14004383 prime?
True
Is 31376153 a composite number?
False
Is 23374479 a prime number?
False
Is 13587305 a prime number?
False
Is 2993923 composite?
False
Is 2388299 composite?
True
Is 2779174 composite?
True
Is 807541 composite?
True
Is 566832857 prime?
True
Is 26401 composite?
True
Is 21978521 composite?
False
Is 9681143 prime?
False
Is 90875209 a composite number?
True
Is 15049849 prime?
False
Is 110852267 composite?
True
Is 293278 prime?
False
Is 8755001 prime?
True
Is 219809 a composite number?
False
Is 3776783 a composite number?
False
Is 15028943 a prime number?
False
Is 9062231 composite?
False
Is 51833011 a prime number?
True
Is 202789 a prime number?
False
Is 100239961 prime?
True
Is 166119871 a composite number?
False
Is 6360103 composite?
False
Is 2533014463 composite?
True
Is 8538521 prime?
False
Is 508987 prime?
True
Is 13360813 a composite number?
False
Is 6195517 prime?
True
Is 550303993 a prime number?
False
Is 14396341 a composite number?
False
Is 5250449 a prime number?
True
Is 2988607 composite?
False
Is 467431 prime?
True
Is 506251679 composite?
False
Is 2282659 prime?
False
Is 232304689 a prime number?
True
Is 404167409 a prime number?
True
Is 1063560551 prime?
True
Is 14726771 a composite number?
True
Is 4414169 a prime number?
False
Is 220921 prime?
False
Is 132771 composite?
True
Is 66066641 a prime number?
False
Is 945509 a composite number?
True
Is 156745789 prime?
True
Is 799547 composite?
True
Is 13895737 a prime number?
True
Is 113749 prime?
True
Is 450801629 composite?
False
Is 263726227 prime?
False
Is 4187531 composite?
False
Is 88834019 composite?
True
Is 3596641 prime?
True
Is 3205457 a prime number?
False
Is 21302207 a composite number?
True
Is 111963703 a prime number?
True
Is 226533439 composite?
True
Is 34229 composite?
True
Is 14434051 prime?
True
Is 12342391 prime?
False
Is 43767001 a composite number?
True
Is 30276991 composite?
False
Is 49176373 a composite number?
True
Is 153059 prime?
True
Is 2042347 a composite number?
False
Is 2960251 a prime number?
False
Is 1782619 a composite number?
False
Is 32498903 a prime number?
True
Is 18780731 composite?
False
Is 1714117 prime?
True
Is 774463 prime?
True
Is 1709077 a prime number?
True
Is 37493 a prime number?
True
Is 21300547 composite?
True
Is 303997 composite?
False
Is 7172693 a composite number?
True
Is 30899269 a prime number?
True
Is 1331503 a composite number?
True
Is 86707601 a composite number?
False
Is 127522691 prime?
False
Is 3095401 prime?
False
Is 60726683 a composite number?
True
Is 1287259 a prime number?
False
Is 114586361 a composite number?
False
Is 972158189 composite?
False
Is 2675771 a prime number?
False
Is 308861737 a composite number?
True
Is 6199789 a prime number?
False
Is 104240339 a prime number?
False
Is 8158 composite?
True
Is 6158483 composite?
False
Is 1081997 a prime number?
False
Is 175549831 a prime number?
True
Is 57048931 prime?
False
Is 2685343 a composite number?
False
Is 630253643 a prime number?
True
Is 28645369 composite?
True
Is 4663499 composite?
False
Is 78832633 a composite number?
True
Is 550505509 a prime number?
False
Is 9548131 prime?
True
Is 222247 a composite number?
False
Is 23161501 a composite number?
True
Is 38945887 a prime number?
True
Is 42317027 a composite number?
False
Is 7794413 a prime number?
False
Is 9816727 prime?
True
Is 751651 composite?
True
Is 5279731 composite?
False
Is 124330073 a composite number?
True
Is 1608599 a prime number?
True
Is 695337 a prime number?
False
Is 19949537 a prime number?
True
Is 121870561 prime?
True
Is 114355639 a composite number?
False
Is 69812687 a composite number?
True
Is 758783 prime?
True
Is 10177081 a prime number?
True
Is 33257291 a composite number?
False
Is 14774029 a composite number?
False
Is 466145 composite?
True
Is 10611899 a composite number?
True
Is 31194901 a prime number?
False
Is 4631347 a prime number?
False
Is 690923743 composite?
True
Is 6073967 a composite number?
False
Is 126913 a prime number?
True
Is 26977 composite?
True
Is 4022231 a composite number?
True
Is 3809998 a prime number?
False
Is 193511557 composite?
True
Is 593951 a prime number?
True
Is 336029 a composite number?
False
Is 4565969 composite?
True
Is 358688667 a prime number?
False
Is 19666381 a composite number?
True
Is 391757 prime?
True
Is 385399985 prime?
False
Is 16133069 composite?
False
Is 43186277 a composite number?
False
Is 108505583 a composite number?
False
Is 11976842 prime?
False
Is 99093583 a prime number?
False
Is 20660431 prime?
False
Is 149729711 a prime number?
True
Is 26796239 composite?
False
Is 189127 composite?
False
Is 232317209 prime?
True
Is 95614801 a composite number?
True
Is 43428857 a prime number?
True
Is 54541621 a composite number?
False
Is 56529877 a composite number?
False
Is 32955007 composite?
True
Is 111187 prime?
True
Is 231224883 a composite number?
True
Is 969537317 prime?
False
Is 57798043 composite?
True
Is 11108941 a composite number?
False
Is 24947539 prime?
True
Is 227670587 a prime number?
True
Is 14959937 a composite number?
False
Is 3365293 prime?
False
Is 5034371 composite?
True
Is 13133467 a prime number?
True
Is 14758435 prime?
False
Is 3481277 prime?
False
Is 5410099 a composite number?
False
Is 42774427 prime?
False
Is 50243837 a composite number?
True
Is 79225583 a composite number?
False
Is 6499237 prime?
False
Is 75543367 prime?
False
Is 26133859 a composite number?
False
Is 120328223 a prime number?
False
Is 69174337 a prime number?
True
Is 18352937 a prime number?
True
Is 5963104847 a composite number?
True
Is 406951 a prime number?
True
Is 16970341 a prime number?
True
Is 5086177 a composite number?
False
Is 1451321 prime?
True
Is 42221549 a prime number?
False
Is 70976501 composite?
False
Is 10217653 a composite number?
False
Is 92505277 composite?
True
Is 216828793 a prime number?
False
Is 29040793 a prime number?
True
Is 3079697 prime?
True
Is 45201449 composite?
False
Is 96631841 composite?
False
Is 112353503 a composite number?
False
Is 9190861 a composite number?
False
Is 2031137 prime?
True
Is 11539961 a composite number?
False
Is 129887711 a composite number?
False
Is 3885671 prime?
False
Is 8242649 prime?
False
Is 18284113 prime?
False
Is 358127683 composite?
True
Is 8524267 prime?
True
Is 69784817 a composite number?
True
Is 229601 a composite number?
False
Is 207677 prime?
False
Is 2468021 a composite number?
False
Is 189465371 a prime number?
True
Is 32582279 a composite number?
False
Is 5297 prime?
True
Is 85917191 composite?
False
Is 283203163 a prime number?
False
Is 4195 a prime number?
False
Is 4001027 composite?
False
Is 98758391 prime?
True
Is 64832923 a prime number?
True
Is 31912081 prime?
True
Is 15945305 composite?
True
Is 1711 a composite number?
True
Is 31550833 prime?
True
Is 834569 prime?
True
Is 95155 composite?
True
Is 485363 composite?
False
Is 171049939 composite?
False
Is 39263881 a composite number?
False
Is 14174597 prime?
False
Is 93103 composite?
False
Is 737717 a prime number?
True
Is 7536482 prime?
False
Is 26767009 prime?
False
Is 18624